{"id":28,"date":"2026-04-18T06:08:10","date_gmt":"2026-04-18T02:08:10","guid":{"rendered":"https:\/\/loradelacruz.yoga\/?page_id=28"},"modified":"2026-04-18T06:08:10","modified_gmt":"2026-04-18T02:08:10","slug":"medizinischer-disclaimer-wichtige-hinweise","status":"publish","type":"page","link":"https:\/\/loradelacruz.yoga\/?page_id=28","title":{"rendered":"Medizinischer Disclaimer &#038; Wichtige Hinweise"},"content":{"rendered":"\n<p>Die Inhalte auf dieser Webseite, in meinen Blog-Beitr\u00e4gen und in meinem Buch \u201eDas verwechselte Ich\u201c basieren auf der jahrtausendealten Tradition der Yoga-Philosophie und meiner pers\u00f6nlichen Erfahrung. Sie dienen ausschlie\u00dflich der philosophischen Kl\u00e4rung, der Selbsterfahrung und der F\u00f6rderung der allgemeinen Achtsamkeit.<\/p>\n\n\n\n<p><strong>Keine medizinische Therapie:<\/strong>&nbsp;Meine Arbeit stellt ausdr\u00fccklich keine medizinische Diagnose, Behandlung, Heilkunde oder Psychotherapie im klinischen Sinne dar. Die Teilnahme an meinen Programmen oder das Lesen meiner Texte ersetzt nicht den Besuch bei einem qualifizierten Arzt oder Psychotherapeuten.<\/p>\n\n\n\n<p><strong>Eigenverantwortung:<\/strong>&nbsp;Jeder Nutzer handelt eigenverantwortlich. Bei akuten k\u00f6rperlichen oder psychischen Krisen wenden Sie sich bitte umgehend an eine medizinische Fachkraft oder eine Notfallstelle. Brechen Sie laufende Behandlungen nicht ohne \u00e4rztliche R\u00fccksprache ab.<\/p>\n\n\n\n<p><strong>Haftungsausschluss:<\/strong>&nbsp;Ich \u00fcbernehme keine Haftung f\u00fcr Sch\u00e4den, die aus der Anwendung der hier beschriebenen Impulse entstehen k\u00f6nnten. Heilversprechen werden zu keinem Zeitpunkt abgegeben.<\/p>\n","protected":false},"excerpt":{"rendered":"<p>Die Inhalte auf dieser Webseite, in meinen Blog-Beitr\u00e4gen und in meinem Buch \u201eDas verwechselte Ich\u201c basieren auf der jahrtausendealten Tradition [&hellip;]<\/p>\n","protected":false},"author":1,"featured_media":0,"parent":0,"menu_order":0,"comment_status":"closed","ping_status":"closed","template":"","meta":{"site-sidebar-layout":"default","site-content-layout":"","ast-site-content-layout":"default","site-content-style":"default","site-sidebar-style":"default","ast-global-header-display":"","ast-banner-title-visibility":"","ast-main-header-display":"","ast-hfb-above-header-display":"","ast-hfb-below-header-display":"","ast-hfb-mobile-header-display":"","site-post-title":"","ast-breadcrumbs-content":"","ast-featured-img":"","footer-sml-layout":"","ast-disable-related-posts":"","theme-transparent-header-meta":"","adv-header-id-meta":"","stick-header-meta":"","header-above-stick-meta":"","header-main-stick-meta":"","header-below-stick-meta":"","astra-migrate-meta-layouts":"default","ast-page-background-enabled":"default","ast-page-background-meta":{"desktop":{"background-color":"var(--ast-global-color-5)","background-image":"","background-repeat":"repeat","background-position":"center center","background-size":"auto","background-attachment":"scroll","background-type":"","background-media":"","overlay-type":"","overlay-color":"","overlay-opacity":"","overlay-gradient":""},"tablet":{"background-color":"","background-image":"","background-repeat":"repeat","background-position":"center center","background-size":"auto","background-attachment":"scroll","background-type":"","background-media":"","overlay-type":"","overlay-color":"","overlay-opacity":"","overlay-gradient":""},"mobile":{"background-color":"","background-image":"","background-repeat":"repeat","background-position":"center center","background-size":"auto","background-attachment":"scroll","background-type":"","background-media":"","overlay-type":"","overlay-color":"","overlay-opacity":"","overlay-gradient":""}},"ast-content-background-meta":{"desktop":{"background-color":"var(--ast-global-color-4)","background-image":"","background-repeat":"repeat","background-position":"center center","background-size":"auto","background-attachment":"scroll","background-type":"","background-media":"","overlay-type":"","overlay-color":"","overlay-opacity":"","overlay-gradient":""},"tablet":{"background-color":"var(--ast-global-color-4)","background-image":"","background-repeat":"repeat","background-position":"center center","background-size":"auto","background-attachment":"scroll","background-type":"","background-media":"","overlay-type":"","overlay-color":"","overlay-opacity":"","overlay-gradient":""},"mobile":{"background-color":"var(--ast-global-color-4)","background-image":"","background-repeat":"repeat","background-position":"center center","background-size":"auto","background-attachment":"scroll","background-type":"","background-media":"","overlay-type":"","overlay-color":"","overlay-opacity":"","overlay-gradient":""}},"footnotes":""},"class_list":["post-28","page","type-page","status-publish","hentry"],"yoast_head":"<!-- This site is optimized with the Yoast SEO plugin v27.4 - https:\/\/yoast.com\/product\/yoast-seo-wordpress\/ -->\n<title>Medizinischer Disclaimer &amp; Wichtige Hinweise - Kerstin Lora de la Cruz<\/title>\n<meta name=\"robots\" content=\"index, follow, max-snippet:-1, max-image-preview:large, max-video-preview:-1\" \/>\n<link rel=\"canonical\" href=\"https:\/\/loradelacruz.yoga\/?page_id=28\" \/>\n<meta property=\"og:locale\" content=\"de_DE\" \/>\n<meta property=\"og:type\" content=\"article\" \/>\n<meta property=\"og:title\" content=\"Medizinischer Disclaimer &amp; Wichtige Hinweise - Kerstin Lora de la Cruz\" \/>\n<meta property=\"og:description\" content=\"Die Inhalte auf dieser Webseite, in meinen Blog-Beitr\u00e4gen und in meinem Buch \u201eDas verwechselte Ich\u201c basieren auf der jahrtausendealten Tradition [&hellip;]\" \/>\n<meta property=\"og:url\" content=\"https:\/\/loradelacruz.yoga\/?page_id=28\" \/>\n<meta property=\"og:site_name\" content=\"Kerstin Lora de la Cruz\" \/>\n<meta name=\"twitter:card\" content=\"summary_large_image\" \/>\n<meta name=\"twitter:label1\" content=\"Gesch\u00e4tzte Lesezeit\" \/>\n\t<meta name=\"twitter:data1\" content=\"1\u00a0Minute\" \/>\n<script type=\"application\/ld+json\" class=\"yoast-schema-graph\">{\"@context\":\"https:\\\/\\\/schema.org\",\"@graph\":[{\"@type\":\"WebPage\",\"@id\":\"https:\\\/\\\/loradelacruz.yoga\\\/?page_id=28\",\"url\":\"https:\\\/\\\/loradelacruz.yoga\\\/?page_id=28\",\"name\":\"Medizinischer Disclaimer & Wichtige Hinweise - Kerstin Lora de la Cruz\",\"isPartOf\":{\"@id\":\"https:\\\/\\\/loradelacruz.yoga\\\/#website\"},\"datePublished\":\"2026-04-18T02:08:10+00:00\",\"breadcrumb\":{\"@id\":\"https:\\\/\\\/loradelacruz.yoga\\\/?page_id=28#breadcrumb\"},\"inLanguage\":\"de\",\"potentialAction\":[{\"@type\":\"ReadAction\",\"target\":[\"https:\\\/\\\/loradelacruz.yoga\\\/?page_id=28\"]}]},{\"@type\":\"BreadcrumbList\",\"@id\":\"https:\\\/\\\/loradelacruz.yoga\\\/?page_id=28#breadcrumb\",\"itemListElement\":[{\"@type\":\"ListItem\",\"position\":1,\"name\":\"Home\",\"item\":\"https:\\\/\\\/loradelacruz.yoga\\\/\"},{\"@type\":\"ListItem\",\"position\":2,\"name\":\"Medizinischer Disclaimer &#038; Wichtige Hinweise\"}]},{\"@type\":\"WebSite\",\"@id\":\"https:\\\/\\\/loradelacruz.yoga\\\/#website\",\"url\":\"https:\\\/\\\/loradelacruz.yoga\\\/\",\"name\":\"loradelacruz.yoga\",\"description\":\"Warum du nicht deine Geschichte bist.\",\"potentialAction\":[{\"@type\":\"SearchAction\",\"target\":{\"@type\":\"EntryPoint\",\"urlTemplate\":\"https:\\\/\\\/loradelacruz.yoga\\\/?s={search_term_string}\"},\"query-input\":{\"@type\":\"PropertyValueSpecification\",\"valueRequired\":true,\"valueName\":\"search_term_string\"}}],\"inLanguage\":\"de\"}]}<\/script>\n<!-- \/ Yoast SEO plugin. -->","yoast_head_json":{"title":"Medizinischer Disclaimer & Wichtige Hinweise - Kerstin Lora de la Cruz","robots":{"index":"index","follow":"follow","max-snippet":"max-snippet:-1","max-image-preview":"max-image-preview:large","max-video-preview":"max-video-preview:-1"},"canonical":"https:\/\/loradelacruz.yoga\/?page_id=28","og_locale":"de_DE","og_type":"article","og_title":"Medizinischer Disclaimer & Wichtige Hinweise - Kerstin Lora de la Cruz","og_description":"Die Inhalte auf dieser Webseite, in meinen Blog-Beitr\u00e4gen und in meinem Buch \u201eDas verwechselte Ich\u201c basieren auf der jahrtausendealten Tradition [&hellip;]","og_url":"https:\/\/loradelacruz.yoga\/?page_id=28","og_site_name":"Kerstin Lora de la Cruz","twitter_card":"summary_large_image","twitter_misc":{"Gesch\u00e4tzte Lesezeit":"1\u00a0Minute"},"schema":{"@context":"https:\/\/schema.org","@graph":[{"@type":"WebPage","@id":"https:\/\/loradelacruz.yoga\/?page_id=28","url":"https:\/\/loradelacruz.yoga\/?page_id=28","name":"Medizinischer Disclaimer & Wichtige Hinweise - Kerstin Lora de la Cruz","isPartOf":{"@id":"https:\/\/loradelacruz.yoga\/#website"},"datePublished":"2026-04-18T02:08:10+00:00","breadcrumb":{"@id":"https:\/\/loradelacruz.yoga\/?page_id=28#breadcrumb"},"inLanguage":"de","potentialAction":[{"@type":"ReadAction","target":["https:\/\/loradelacruz.yoga\/?page_id=28"]}]},{"@type":"BreadcrumbList","@id":"https:\/\/loradelacruz.yoga\/?page_id=28#breadcrumb","itemListElement":[{"@type":"ListItem","position":1,"name":"Home","item":"https:\/\/loradelacruz.yoga\/"},{"@type":"ListItem","position":2,"name":"Medizinischer Disclaimer &#038; Wichtige Hinweise"}]},{"@type":"WebSite","@id":"https:\/\/loradelacruz.yoga\/#website","url":"https:\/\/loradelacruz.yoga\/","name":"loradelacruz.yoga","description":"Warum du nicht deine Geschichte bist.","potentialAction":[{"@type":"SearchAction","target":{"@type":"EntryPoint","urlTemplate":"https:\/\/loradelacruz.yoga\/?s={search_term_string}"},"query-input":{"@type":"PropertyValueSpecification","valueRequired":true,"valueName":"search_term_string"}}],"inLanguage":"de"}]}},"_links":{"self":[{"href":"https:\/\/loradelacruz.yoga\/index.php?rest_route=\/wp\/v2\/pages\/28","targetHints":{"allow":["GET"]}}],"collection":[{"href":"https:\/\/loradelacruz.yoga\/index.php?rest_route=\/wp\/v2\/pages"}],"about":[{"href":"https:\/\/loradelacruz.yoga\/index.php?rest_route=\/wp\/v2\/types\/page"}],"author":[{"embeddable":true,"href":"https:\/\/loradelacruz.yoga\/index.php?rest_route=\/wp\/v2\/users\/1"}],"replies":[{"embeddable":true,"href":"https:\/\/loradelacruz.yoga\/index.php?rest_route=%2Fwp%2Fv2%2Fcomments&post=28"}],"version-history":[{"count":1,"href":"https:\/\/loradelacruz.yoga\/index.php?rest_route=\/wp\/v2\/pages\/28\/revisions"}],"predecessor-version":[{"id":29,"href":"https:\/\/loradelacruz.yoga\/index.php?rest_route=\/wp\/v2\/pages\/28\/revisions\/29"}],"wp:attachment":[{"href":"https:\/\/loradelacruz.yoga\/index.php?rest_route=%2Fwp%2Fv2%2Fmedia&parent=28"}],"curies":[{"name":"wp","href":"https:\/\/api.w.org\/{rel}","templated":true}]}}